{"id":9689,"date":"2019-01-26T10:09:32","date_gmt":"2019-01-26T09:09:32","guid":{"rendered":"https:\/\/www.ifit.li\/?page_id=9689"},"modified":"2024-01-28T16:00:37","modified_gmt":"2024-01-28T15:00:37","slug":"willkommen","status":"publish","type":"page","link":"https:\/\/www.ifit.li\/?page_id=9689","title":{"rendered":"Willkommen"},"content":{"rendered":"\n<p class=\"wp-block-paragraph\">Herzlich willkommen bei iFIT Liechtenstein. Dies ist ein weiterer Blog von <a aria-label=\" (opens in a new tab)\" href=\"https:\/\/www.ifit.ch\/\" target=\"_blank\" rel=\"noreferrer noopener\">iFIT<\/a>. Diese Website befindet sich zwar im F\u00fcrstentum Liechtenstein (daher &#171;ifit.li&#187;), ist aber im Kontext von <a href=\"https:\/\/www.ifit.ch\" target=\"_blank\" rel=\"noreferrer noopener\">iFIT Schweiz<\/a> und <a href=\"https:\/\/www.ifit.at\" target=\"_blank\" rel=\"noreferrer noopener\">iFIT Austria<\/a> zu sehen. Da die fr\u00fcheren iFIT Kirchenportale Schweiz und Austria sistiert wurden, sind die&nbsp;<a href=\"https:\/\/www.ifit.li\/?p=8104\" target=\"_blank\" rel=\"noreferrer noopener\">Katechesen von Papst Franziskus \u00fcber die christliche Hoffnung<\/a>&nbsp;und <a aria-label=\"Katechesen von Papst Franziskus \u00fcber die Eucharistie (opens in a new tab)\" href=\"https:\/\/www.ifit.li\/?p=8146\" target=\"_blank\" rel=\"noreferrer noopener\">Katechesen von Papst Franziskus \u00fcber die Eucharistie<\/a> u.v.m. noch vorhanden. Die fr\u00fcheren iFIT Kirchenportale Schweiz und Austria existieren weiterhin, n\u00e4mlich in Form eines Archivs, und zwar unter dem Website-Link <a href=\"https:\/\/website.ifit.li\">iFIT Kirchenportal<\/a> (Archiv). Beachten Sie, dass es in diesem Archiv eine sehr grosse Linksammlung (<a aria-label=\"Linkothek (opens in a new tab)\" href=\"https:\/\/www.ifittest.ch\/wordpress\/?page_id=24\" target=\"_blank\" rel=\"noreferrer noopener\">Linkothek<\/a>) hat mit \u00fcber 800 Links und geordnet nach rund zwei Dutzend Kategorien.<\/p>\n\n\n\n<p class=\"wp-block-paragraph\">Wir m\u00f6chten Sie hier auf folgende r\u00f6misch-katholischen Sender, Kan\u00e4le und Fernsehstationen aufmerksam machen:<\/p>\n\n\n\n<h2 class=\"wp-block-heading has-text-align-center\"><strong>Empfehlenswerte r\u00f6misch-katholische Medien!<\/strong><\/h2>\n\n\n\n<p class=\"has-text-align-center wp-block-paragraph\">Alphabetisch geordnet!<\/p>\n\n\n\n<ul class=\"wp-block-list\">\n<li><a rel=\"noreferrer noopener\" href=\"http:\/\/ewtn.de\/livestream\" target=\"_blank\">EWTN | Katholisches TV<\/a><\/li>\n\n\n\n<li><a rel=\"noreferrer noopener\" href=\"https:\/\/k-tv.org\/\" target=\"_blank\">K-TV<\/a><\/li>\n\n\n\n<li><a rel=\"noreferrer noopener\" href=\"https:\/\/www.youtube.com\/user\/missioaustria\" target=\"_blank\">Missio \u00d6sterreich<\/a><\/li>\n\n\n\n<li><a rel=\"noreferrer noopener\" href=\"https:\/\/www.missio.ch\/\" target=\"_blank\">Missio Schweiz<\/a><\/li>\n\n\n\n<li><a rel=\"noreferrer noopener\" href=\"https:\/\/www.radiogloria.ch\/\" target=\"_blank\">Radio Gloria<\/a><\/li>\n\n\n\n<li><a rel=\"noreferrer noopener\" href=\"http:\/\/www.horeb.org\" target=\"_blank\">Radio Horeb<\/a> (Radio Maria Deutschland)<\/li>\n\n\n\n<li><a rel=\"noreferrer noopener\" href=\"http:\/\/www.radiomaria.ch\/\" target=\"_blank\">Radio Maria Schweiz<\/a><\/li>\n\n\n\n<li><a rel=\"noreferrer noopener\" href=\"https:\/\/www.radiomaria.at\/\" target=\"_blank\">Radio Maria \u00d6sterreich<\/a><\/li>\n\n\n\n<li><a rel=\"noreferrer noopener\" href=\"https:\/\/radiomaria.bz.it\/\" target=\"_blank\">Radio Maria S\u00fcdtirol<\/a><\/li>\n\n\n\n<li><a rel=\"noreferrer noopener\" href=\"https:\/\/www.vaticannews.va\/de\/podcast\/treffpunkt-weltkirche.html\" target=\"_blank\">Radio Vatikan Deutsch<\/a><\/li>\n<\/ul>\n\n\n\n<figure class=\"wp-block-image size-large\"><a href=\"https:\/\/www.ewtn.de\" target=\"_blank\" rel=\"noreferrer noopener\"><img decoding=\"async\" src=\"http:\/\/news.ifit.li\/wp-content\/uploads\/2020\/05\/EWTN-Katholisches-TV-1024x610.jpg\" alt=\"http:\/\/ewtn.de\/livestream\" class=\"wp-image-80\"\/><\/a><figcaption class=\"wp-element-caption\">EWTN Katholisches Fernsehen weltweit<\/figcaption><\/figure>\n\n\n\n<figure class=\"wp-block-image size-large\"><a href=\"https:\/\/www.k-tv.org\" target=\"_blank\" rel=\"noreferrer noopener\"><img decoding=\"async\" src=\"https:\/\/news.ifit.li\/wp-content\/uploads\/2023\/07\/Katholisches-Fernsehen-1024x735.png\" alt=\"\" class=\"wp-image-776\"\/><\/a><figcaption class=\"wp-element-caption\"><a href=\"http:\/\/k-tv.org\" target=\"_blank\" rel=\"noreferrer noopener\">Katholisches Fernsehen<\/a><\/figcaption><\/figure>\n\n\n\n<figure class=\"wp-block-image size-large is-resized\"><a href=\"https:\/\/neueranfang.online\/\" target=\"_blank\" rel=\"noreferrer noopener\"><img decoding=\"async\" src=\"https:\/\/news.ifit.li\/wp-content\/uploads\/2023\/07\/Portal-Neuer-Anfang-1024x697.png\" alt=\"\" class=\"wp-image-771\" style=\"width:610px;height:415px\"\/><\/a><figcaption class=\"wp-element-caption\"><a href=\"https:\/\/neueranfang.online\/\" target=\"_blank\" rel=\"noreferrer noopener\">Forum Neuer Anfang<\/a><\/figcaption><\/figure>\n\n\n\n<figure class=\"wp-block-gallery has-nested-images columns-default is-cropped wp-block-gallery-1 is-layout-flex wp-block-gallery-is-layout-flex\">\n<figure class=\"wp-block-image size-large\"><a href=\"https:\/\/www.die-tagespost.de\" target=\"_blank\" rel=\"die-tagespost.de noopener\"><img decoding=\"async\" data-id=\"587\" src=\"https:\/\/news.ifit.li\/wp-content\/uploads\/2022\/03\/20220321_141544_735-1024x478.jpg\" alt=\"\" class=\"wp-image-587\"\/><\/a><figcaption class=\"wp-element-caption\">Die Tagespost<br>KLARER KURS. KAQTHOLISCHER JOURNALISMUS<\/figcaption><\/figure>\n<\/figure>\n\n\n\n<figure class=\"wp-block-image size-large\"><a href=\"https:\/\/www.kath.net\" target=\"_blank\" rel=\"noopener\"><img decoding=\"async\" src=\"https:\/\/news.ifit.li\/wp-content\/uploads\/2022\/03\/Impressum-von-kath.net_-1024x446.png\" alt=\"\" class=\"wp-image-606\"\/><\/a><figcaption class=\"wp-element-caption\">kath.net &#8211; Katholische Nachrichten<\/figcaption><\/figure>\n\n\n\n<figure class=\"wp-block-image size-large\"><a href=\"https:\/\/www.swiss-cath.ch\/\" target=\"_blank\" rel=\"noreferrer noopener\"><img decoding=\"async\" src=\"https:\/\/news.ifit.li\/wp-content\/uploads\/2024\/01\/image-1024x613.png\" alt=\"\" class=\"wp-image-827\"\/><\/a><figcaption class=\"wp-element-caption\"><strong>swiss-cath.ch<\/strong>&nbsp;ist ein unabh\u00e4ngiges katholisches Internet-Portal in der Rechtsform des Vereins.<\/figcaption><\/figure>\n\n\n\n<figure class=\"wp-block-image size-large\"><a href=\"https:\/\/www.osservatore-romano.de\/\" target=\"_blank\" rel=\"noopener\"><img decoding=\"async\" src=\"https:\/\/news.ifit.li\/wp-content\/uploads\/2022\/03\/LOsservatore-Romano-1024x784.png\" alt=\"\" class=\"wp-image-613\"\/><\/a><figcaption class=\"wp-element-caption\"><a rel=\"noreferrer noopener\" href=\"https:\/\/www.osservatore-romano.de\/\" target=\"_blank\">L&#8217;Osservatore Romano Deutsch<\/a><\/figcaption><\/figure>\n\n\n\n<h4 class=\"wp-block-heading\">Adresse der Redaktion<\/h4>\n\n\n\n<p class=\"wp-block-paragraph\">Institut f\u00fcr Internet Technologie (<a rel=\"noreferrer noopener\" href=\"https:\/\/ifit.ch\/\" target=\"_blank\">iFIT<\/a>)<br>Louis A. Venetz<br>Dipl. Ing. FH in Systemtechnik<br>Freier Fachjournalist BR (<a rel=\"noreferrer noopener\" href=\"https:\/\/www.fachjournalisten.org\/about\/\" target=\"_blank\">VIF<\/a>, <a rel=\"noreferrer noopener\" href=\"http:\/\/www.sfj-ajs.ch\/de\/home\/\" target=\"_blank\">SJF<\/a>)<br>Oberdierikonerstrasse 7<br>CH-6030 <strong>Ebikon<\/strong><\/p>\n\n\n\n<p class=\"wp-block-paragraph\"><a href=\"mailto:web@ifit.ch\" target=\"_blank\" rel=\"noreferrer noopener\">Webmaster<\/a>&nbsp;(Click to send an eMail to Webmaster)<br>\u00a9 Copyright 2003-2023 by&nbsp;<a href=\"https:\/\/ifit.ch\" target=\"_blank\" rel=\"noreferrer noopener\">iFIT<\/a>. <strong>20 Years!<\/strong><\/p>\n\n\n\n<h3 class=\"wp-block-heading\" id=\"kardinal-muller-die-rufmordkampagne-gegen-benedikt-xvi-ist-offenbarungseid-der-eigenen-absichten-interview-von-lothar-c-rilinger-in-kath-net\">Kardinal M\u00fcller: \u00ab<a rel=\"noreferrer noopener\" href=\"https:\/\/www.kath.net\/news\/77467\" target=\"_blank\">Die Rufmordkampagne gegen Benedikt XVI. ist Offenbarungseid der eigenen Absichten<\/a>\u00bb &#8211; Interview von Lothar C. Rilinger in kath.net<\/h3>\n\n\n\n<p class=\"wp-block-paragraph\">\u00ab&#8230; Die Kirche kommt aus diesem Medientief nicht heraus durch die Unterminierung der Sexualmoral. Aus dem Elend der Sexualisierung und Kommerzialisierung unserer leiblichen Existenz, die nur die verzweifelte Sinnleere des Europ\u00e4ischen Nihilismus widerspiegelt, kommen wir nur heraus, wenn wir unser Mann-Sein oder Frau-Sein als Disposition zur personalen Liebe verstehen und somit als Gnade erfahren. Sexualit\u00e4t wird immer missbraucht, wenn sie zur Droge verkommt; sie soll das Gef\u00fchl der Sinnlosigkeit bet\u00e4uben. Das Leben ist aber nie sinn-los, weil der Sinn, die Vernunft, das Wort Gottes, Fleisch geworden ist und unter uns gewohnt hat und in Jesus Christus bei uns mit seiner Gnade und Wahrheit bleibt. <\/p>\n\n\n\n<p class=\"wp-block-paragraph\">Gott schuf den Menschen nicht hetero-, bi,-trans- oder asexuell, p\u00e4derastisch oder lesbisch oder p\u00e4do- und homophil oder in sonstigen Lustgewinntechniken, sondern nach seinem Bild und Gleichnis schuf er jeden einzelnen als Mann oder Frau. Und er segnet das Ehepaar, indem er sagt: \u201eSeid fruchtbar und mehret euch, bev\u00f6lkert die Erde.\u201c (Genesis 1, 28 f) Und Jesus, der Sohn Gottes und einzige Lehrer der g\u00f6ttlichen Wahrheit, legt diese anthropologische Urwahrheit endg\u00fcltig so aus, dass durch die wechselseitige Liebe von Mann und Frau die beiden nicht mehr zwei sind, sondern \u201eein Fleisch\u201c (Matth\u00e4us 19, 5). &#8230;\u00bb<\/p>\n\n\n\n<p class=\"wp-block-paragraph\">Der Webmaster (<a rel=\"noreferrer noopener\" href=\"mailto:web@ifit.ch\" target=\"_blank\">click<\/a> to send eMail to webmaster)<br>\u00a9 Copyright 2003-2023 by <a rel=\"noreferrer noopener\" aria-label=\" (opens in a new tab)\" href=\"https:\/\/www.ifit.ch\/\" target=\"_blank\">iFIT<\/a>. <strong>20 Years!<\/strong><br><\/p>\n","protected":false},"excerpt":{"rendered":"<p>Herzlich willkommen bei iFIT Liechtenstein. Dies ist ein weiterer Blog von iFIT. Diese Website befindet sich zwar im F\u00fcrstentum Liechtenstein (daher &#171;ifit.li&#187;), ist aber im Kontext von iFIT Schweiz und iFIT Austria zu sehen. Da die fr\u00fcheren iFIT Kirchenportale Schweiz und Austria sistiert wurden, sind die&nbsp;Katechesen von Papst Franziskus \u00fcber die christliche Hoffnung&nbsp;und Katechesen von&hellip; <a class=\"more-link\" href=\"https:\/\/www.ifit.li\/?page_id=9689\">Continue reading <span class=\"screen-reader-text\">Willkommen<\/span><\/a><\/p>\n","protected":false},"author":1,"featured_media":8325,"parent":0,"menu_order":0,"comment_status":"closed","ping_status":"closed","template":"","meta":{"_crdt_document":"","footnotes":""},"class_list":["post-9689","page","type-page","status-publish","has-post-thumbnail","hentry","entry"],"_links":{"self":[{"href":"https:\/\/www.ifit.li\/index.php?rest_route=\/wp\/v2\/pages\/9689","targetHints":{"allow":["GET"]}}],"collection":[{"href":"https:\/\/www.ifit.li\/index.php?rest_route=\/wp\/v2\/pages"}],"about":[{"href":"https:\/\/www.ifit.li\/index.php?rest_route=\/wp\/v2\/types\/page"}],"author":[{"embeddable":true,"href":"https:\/\/www.ifit.li\/index.php?rest_route=\/wp\/v2\/users\/1"}],"replies":[{"embeddable":true,"href":"https:\/\/www.ifit.li\/index.php?rest_route=%2Fwp%2Fv2%2Fcomments&post=9689"}],"version-history":[{"count":8,"href":"https:\/\/www.ifit.li\/index.php?rest_route=\/wp\/v2\/pages\/9689\/revisions"}],"predecessor-version":[{"id":11991,"href":"https:\/\/www.ifit.li\/index.php?rest_route=\/wp\/v2\/pages\/9689\/revisions\/11991"}],"wp:featuredmedia":[{"embeddable":true,"href":"https:\/\/www.ifit.li\/index.php?rest_route=\/wp\/v2\/media\/8325"}],"wp:attachment":[{"href":"https:\/\/www.ifit.li\/index.php?rest_route=%2Fwp%2Fv2%2Fmedia&parent=9689"}],"curies":[{"name":"wp","href":"https:\/\/api.w.org\/{rel}","templated":true}]}}

<p class="wp-block-paragraph">Herzlich willkommen bei iFIT Liechtenstein. Dies ist ein weiterer Blog von <a aria-label=" (opens in a new tab)" href="https://www.ifit.ch/" target="_blank" rel="noreferrer noopener">iFIT</a>. Diese Website befindet sich zwar im Fürstentum Liechtenstein (daher &#171;ifit.li&#187;), ist aber im Kontext von <a href="https://www.ifit.ch" target="_blank" rel="noreferrer noopener">iFIT Schweiz</a> und <a href="https://www.ifit.at" target="_blank" rel="noreferrer noopener">iFIT Austria</a> zu sehen. Da die früheren iFIT Kirchenportale Schweiz und Austria sistiert wurden, sind die&nbsp;<a href="https://www.ifit.li/?p=8104" target="_blank" rel="noreferrer noopener">Katechesen von Papst Franziskus über die christliche Hoffnung</a>&nbsp;und <a aria-label="Katechesen von Papst Franziskus über die Eucharistie (opens in a new tab)" href="https://www.ifit.li/?p=8146" target="_blank" rel="noreferrer noopener">Katechesen von Papst Franziskus über die Eucharistie</a> u.v.m. noch vorhanden. Die früheren iFIT Kirchenportale Schweiz und Austria existieren weiterhin, nämlich in Form eines Archivs, und zwar unter dem Website-Link <a href="https://website.ifit.li">iFIT Kirchenportal</a> (Archiv). Beachten Sie, dass es in diesem Archiv eine sehr grosse Linksammlung (<a aria-label="Linkothek (opens in a new tab)" href="https://www.ifittest.ch/wordpress/?page_id=24" target="_blank" rel="noreferrer noopener">Linkothek</a>) hat mit über 800 Links und geordnet nach rund zwei Dutzend Kategorien.</p>



<p class="wp-block-paragraph">Wir möchten Sie hier auf folgende römisch-katholischen Sender, Kanäle und Fernsehstationen aufmerksam machen:</p>



<h2 class="wp-block-heading has-text-align-center"><strong>Empfehlenswerte römisch-katholische Medien!</strong></h2>



<p class="has-text-align-center wp-block-paragraph">Alphabetisch geordnet!</p>



<ul class="wp-block-list">
<li><a rel="noreferrer noopener" href="http://ewtn.de/livestream" target="_blank">EWTN | Katholisches TV</a></li>



<li><a rel="noreferrer noopener" href="https://k-tv.org/" target="_blank">K-TV</a></li>



<li><a rel="noreferrer noopener" href="https://www.youtube.com/user/missioaustria" target="_blank">Missio Österreich</a></li>



<li><a rel="noreferrer noopener" href="https://www.missio.ch/" target="_blank">Missio Schweiz</a></li>



<li><a rel="noreferrer noopener" href="https://www.radiogloria.ch/" target="_blank">Radio Gloria</a></li>



<li><a rel="noreferrer noopener" href="http://www.horeb.org" target="_blank">Radio Horeb</a> (Radio Maria Deutschland)</li>



<li><a rel="noreferrer noopener" href="http://www.radiomaria.ch/" target="_blank">Radio Maria Schweiz</a></li>



<li><a rel="noreferrer noopener" href="https://www.radiomaria.at/" target="_blank">Radio Maria Österreich</a></li>



<li><a rel="noreferrer noopener" href="https://radiomaria.bz.it/" target="_blank">Radio Maria Südtirol</a></li>



<li><a rel="noreferrer noopener" href="https://www.vaticannews.va/de/podcast/treffpunkt-weltkirche.html" target="_blank">Radio Vatikan Deutsch</a></li>
</ul>



<figure class="wp-block-image size-large"><a href="https://www.ewtn.de" target="_blank" rel="noreferrer noopener"><img decoding="async" src="http://news.ifit.li/wp-content/uploads/2020/05/EWTN-Katholisches-TV-1024x610.jpg" alt="http://ewtn.de/livestream" class="wp-image-80"/></a><figcaption class="wp-element-caption">EWTN Katholisches Fernsehen weltweit</figcaption></figure>



<figure class="wp-block-image size-large"><a href="https://www.k-tv.org" target="_blank" rel="noreferrer noopener"><img decoding="async" src="https://news.ifit.li/wp-content/uploads/2023/07/Katholisches-Fernsehen-1024x735.png" alt="" class="wp-image-776"/></a><figcaption class="wp-element-caption"><a href="http://k-tv.org" target="_blank" rel="noreferrer noopener">Katholisches Fernsehen</a></figcaption></figure>



<figure class="wp-block-image size-large is-resized"><a href="https://neueranfang.online/" target="_blank" rel="noreferrer noopener"><img decoding="async" src="https://news.ifit.li/wp-content/uploads/2023/07/Portal-Neuer-Anfang-1024x697.png" alt="" class="wp-image-771" style="width:610px;height:415px"/></a><figcaption class="wp-element-caption"><a href="https://neueranfang.online/" target="_blank" rel="noreferrer noopener">Forum Neuer Anfang</a></figcaption></figure>



<figure class="wp-block-gallery has-nested-images columns-default is-cropped wp-block-gallery-1 is-layout-flex wp-block-gallery-is-layout-flex">
<figure class="wp-block-image size-large"><a href="https://www.die-tagespost.de" target="_blank" rel="die-tagespost.de noopener"><img decoding="async" data-id="587" src="https://news.ifit.li/wp-content/uploads/2022/03/20220321_141544_735-1024x478.jpg" alt="" class="wp-image-587"/></a><figcaption class="wp-element-caption">Die Tagespost<br>KLARER KURS. KAQTHOLISCHER JOURNALISMUS</figcaption></figure>
</figure>



<figure class="wp-block-image size-large"><a href="https://www.kath.net" target="_blank" rel="noopener"><img decoding="async" src="https://news.ifit.li/wp-content/uploads/2022/03/Impressum-von-kath.net_-1024x446.png" alt="" class="wp-image-606"/></a><figcaption class="wp-element-caption">kath.net &#8211; Katholische Nachrichten</figcaption></figure>



<figure class="wp-block-image size-large"><a href="https://www.swiss-cath.ch/" target="_blank" rel="noreferrer noopener"><img decoding="async" src="https://news.ifit.li/wp-content/uploads/2024/01/image-1024x613.png" alt="" class="wp-image-827"/></a><figcaption class="wp-element-caption"><strong>swiss-cath.ch</strong>&nbsp;ist ein unabhängiges katholisches Internet-Portal in der Rechtsform des Vereins.</figcaption></figure>



<figure class="wp-block-image size-large"><a href="https://www.osservatore-romano.de/" target="_blank" rel="noopener"><img decoding="async" src="https://news.ifit.li/wp-content/uploads/2022/03/LOsservatore-Romano-1024x784.png" alt="" class="wp-image-613"/></a><figcaption class="wp-element-caption"><a rel="noreferrer noopener" href="https://www.osservatore-romano.de/" target="_blank">L&#8217;Osservatore Romano Deutsch</a></figcaption></figure>



<h4 class="wp-block-heading">Adresse der Redaktion</h4>



<p class="wp-block-paragraph">Institut für Internet Technologie (<a rel="noreferrer noopener" href="https://ifit.ch/" target="_blank">iFIT</a>)<br>Louis A. Venetz<br>Dipl. Ing. FH in Systemtechnik<br>Freier Fachjournalist BR (<a rel="noreferrer noopener" href="https://www.fachjournalisten.org/about/" target="_blank">VIF</a>, <a rel="noreferrer noopener" href="http://www.sfj-ajs.ch/de/home/" target="_blank">SJF</a>)<br>Oberdierikonerstrasse 7<br>CH-6030 <strong>Ebikon</strong></p>



<p class="wp-block-paragraph"><a href="mailto:web@ifit.ch" target="_blank" rel="noreferrer noopener">Webmaster</a>&nbsp;(Click to send an eMail to Webmaster)<br>© Copyright 2003-2023 by&nbsp;<a href="https://ifit.ch" target="_blank" rel="noreferrer noopener">iFIT</a>. <strong>20 Years!</strong></p>



<h3 class="wp-block-heading" id="kardinal-muller-die-rufmordkampagne-gegen-benedikt-xvi-ist-offenbarungseid-der-eigenen-absichten-interview-von-lothar-c-rilinger-in-kath-net">Kardinal Müller: «<a rel="noreferrer noopener" href="https://www.kath.net/news/77467" target="_blank">Die Rufmordkampagne gegen Benedikt XVI. ist Offenbarungseid der eigenen Absichten</a>» &#8211; Interview von Lothar C. Rilinger in kath.net</h3>



<p class="wp-block-paragraph">«&#8230; Die Kirche kommt aus diesem Medientief nicht heraus durch die Unterminierung der Sexualmoral. Aus dem Elend der Sexualisierung und Kommerzialisierung unserer leiblichen Existenz, die nur die verzweifelte Sinnleere des Europäischen Nihilismus widerspiegelt, kommen wir nur heraus, wenn wir unser Mann-Sein oder Frau-Sein als Disposition zur personalen Liebe verstehen und somit als Gnade erfahren. Sexualität wird immer missbraucht, wenn sie zur Droge verkommt; sie soll das Gefühl der Sinnlosigkeit betäuben. Das Leben ist aber nie sinn-los, weil der Sinn, die Vernunft, das Wort Gottes, Fleisch geworden ist und unter uns gewohnt hat und in Jesus Christus bei uns mit seiner Gnade und Wahrheit bleibt. </p>



<p class="wp-block-paragraph">Gott schuf den Menschen nicht hetero-, bi,-trans- oder asexuell, päderastisch oder lesbisch oder pädo- und homophil oder in sonstigen Lustgewinntechniken, sondern nach seinem Bild und Gleichnis schuf er jeden einzelnen als Mann oder Frau. Und er segnet das Ehepaar, indem er sagt: „Seid fruchtbar und mehret euch, bevölkert die Erde.“ (Genesis 1, 28 f) Und Jesus, der Sohn Gottes und einzige Lehrer der göttlichen Wahrheit, legt diese anthropologische Urwahrheit endgültig so aus, dass durch die wechselseitige Liebe von Mann und Frau die beiden nicht mehr zwei sind, sondern „ein Fleisch“ (Matthäus 19, 5). &#8230;»</p>



<p class="wp-block-paragraph">Der Webmaster (<a rel="noreferrer noopener" href="mailto:web@ifit.ch" target="_blank">click</a> to send eMail to webmaster)<br>© Copyright 2003-2023 by <a rel="noreferrer noopener" aria-label=" (opens in a new tab)" href="https://www.ifit.ch/" target="_blank">iFIT</a>. <strong>20 Years!</strong><br></p>

<p>Herzlich willkommen bei iFIT Liechtenstein. Dies ist ein weiterer Blog von iFIT. Diese Website befindet sich zwar im Fürstentum Liechtenstein (daher &#171;ifit.li&#187;), ist aber im Kontext von iFIT Schweiz und iFIT Austria zu sehen. Da die früheren iFIT Kirchenportale Schweiz und Austria sistiert wurden, sind die&nbsp;Katechesen von Papst Franziskus über die christliche Hoffnung&nbsp;und Katechesen von&hellip; <a class="more-link" href="https://www.ifit.li/?page_id=9689">Continue reading <span class="screen-reader-text">Willkommen</span></a></p>
